8 is divided by z.
38
Suppose -3*d + 5*s + 77 = -6, s - 51 = -2*d. Let r(n) = -27*n**2 + d*n**2 - 16 + 6*n - 6 + 15*n. What is the remainder when 28 is divided by r(19)?
12
Let x be 14/(-4) + 8/(-16). Let s = 7 + x. What is the remainder when 8 is divided by s?
2
Let v = -834 - -869. Calculate the remainder when 733 is divided by v.
33
Suppose -3*a - 143 + 596 = 0. Let g = -7 - a. Let q = -108 - g. What is the remainder when q is divided by 26?
24
Let a be 1/(-3) + (-34)/(-3). Suppose -3*u = -6*u - 5*t + a, -4*u = -5*t - 38. Calculate the remainder when u is divided by (-2 - -1) + 9 + -3.
2
Let t = 460 - 427. What is the remainder when 129 is divided by t?
30
Let j be -1 - 1 - (62 + -9). Let m = -32 - j. Suppose 0 = z - 2*d - m, 4*d = -4*z + 3*z + 5. Calculate the remainder when z is divided by 9.
8
Suppose -4*y + 18 = o, 5*o - 6 = 2*y - y. Suppose o*t - t = 17. Calculate the remainder when t is divided by 3/(-9) - (-31)/3.
7
Suppose -5*s + 3*s = -82. Suppose 40 = 3*f - n - n, 5*f + n - 71 = 0. What is the remainder when s is divided by f?
13
Suppose 4*q + i = 2*q + 3, 5*q - 8 = -2*i. Suppose 2*s + q - 8 = 0. Suppose 10*v = v + 126. What is the remainder when v is divided by s?
2
Let f(s) = 22*s**2 + s. Let n be f(-1). Suppose 4*g - n = -9. What is the remainder when 12 is divided by g?
0
Let b(n) = -33*n - 11 - 47*n**2 + 93*n**2 - 48*n**2. Calculate the remainder when b(-14) is divided by 10.
9
Let o be -30*(-1 - 2/(-4)). Let h = o - 8. What is the remainder when (9 - (-2)/(-1)) + (-104)/(-8) is divided by h?
6
Suppose -38*j + 17*j = -147. What is the remainder when 144 is divided by j?
4
Let a be 3 - (0 - -1 - 0). Suppose -a*w + 20 = -w. Let z = -13 + w. Calculate the remainder when 12 is divided by z.
5
Let h = 113 + -74. Suppose 2*y + 4*j - 84 = 9*j, 5*y + 3*j = 241. Suppose 0 = 5*p + 4*m - 19 - y, 22 = 3*p - 2*m. What is the remainder when h is divided by p?
9
Suppose -24*q + 3*q + 1701 = 0. Calculate the remainder when q is divided by 17.
13
Let q = -1229 + 1384. Calculate the remainder when q is divided by 45.
20
Suppose 0 = -71*r + 54*r + 850. Calculate the remainder when 89 is divided by r.
39
Let b be (-2 + 0 + 6)/((-2)/(-95)). Suppose b + 15 = 5*a. What is the remainder when a is divided by 11?
8
Suppose 100 = 4*v + 3*x + x, 3*v - 91 = 5*x. Calculate the remainder when 1106 is divided by v.
26
Suppose 3*w + w = 8. Suppose -2*j - 5*h = -7, -3*j + 4 = -w*h - 16. Calculate the remainder when j is divided by 4.
2
Suppose 2*m - 3*m = -2*b + 148, 2*b + 5*m - 124 = 0. What is the remainder when b is divided by (0 - (-710)/40) + 35/28?
15
Let w = 811 + -766. What is the remainder when w is divided by 4?
1
Let r(v) = v**3 + 4*v**2 - 7*v - 4. Let w be r(-5). Calculate the remainder when 6*(-1)/(-2)*w is divided by 10.
8
Let b = 502 - 462. What is the remainder when 72 is divided by b?
32
Suppose -5*s - 574 = 4*q, 2*q - 3*s + 168 + 108 = 0. Let f = 144 + q. Calculate the remainder when 8 - (-2*1 + 4) is divided by f.
0
Suppose 7*i - 458 = -66. What is the remainder when 838 is divided by i?
54
Let t(q) = 2*q**2 + q - 2. Let j be t(-4). Suppose 3*v = -y + j + 3, -2*y = 5*v - 53. Let b(k) = -2*k + 47. What is the remainder when b(-4) is divided by y?
13
Let w be -2*(-1)/(-5)*(-2 - -7). Let n(j) = -6*j**3 - 2*j**2 - 3*j - 3. Calculate the remainder when n(w) is divided by 12.
7
Let g be -1*1*3*2/(-2). Suppose -g*o = -4*t + 151, -2*t - 2*o = -0*o - 58. Calculate the remainder when t is divided by 6.
4
Let w = 48 - 34. Let f(k) be the third derivative of 7*k**5/30 - k**4/24 - k**3/2 - 8*k**2. What is the remainder when f(-2) is divided by w?
13
Let w(r) = -10 + 251*r**2 - 252*r**2 - 8 + 23*r. Calculate the remainder when w(18) is divided by 15.
12
Let y = 17 - -58. Suppose -5*r + 120 = -y. What is the remainder when r is divided by 8?
7
Let k(w) = -2*w**3 - 5*w**2 + 3*w - 4. Suppose -2*u + 205 = -7*u. Let a = -29 - u. What is the remainder when k(-4) is divided by a?
8
Let u(y) = 2*y**3 - 31*y**2 + 18*y - 25. Calculate the remainder when 111 is divided by u(15).
11
Let u be (-2)/(-1 - 3/(-2)). Let k be 10/u*(-2 + 54). Calculate the remainder when 7/(-21)*(1 + k) is divided by 15.
13
Let c = 111 - -21. Suppose -6*y + 4*y + 5*g = -c, -3*y - 4*g + 175 = 0. What is the remainder when y is divided by 19?
4
Let d(h) = 2*h + 2. Let j be d(2). Suppose -2*z + 242 - 50 = 0. Suppose -2*k - z = -j*k. Calculate the remainder when 71 is divided by k.
23
Suppose 64 - 160 = -2*h. Suppose 2*c - 12 = 4*a - a, -h = -3*c - 3*a. Calculate the remainder when 45 is divided by c.
9
Let f(s) = 10*s**2 + 3*s + 13. What is the remainder when 367 is divided by f(-3)?
85
Calculate the remainder when 103 is divided by ((-3)/(-2))/(87/2030).
33
Let x be (-24)/20*5/(-3). Suppose -4*h + x*h = -38. What is the remainder when 52 is divided by h?
14
Suppose 27*h - 40*h + 1703 = 0. Calculate the remainder when h is divided by 28.
19
Let d be (18/(-21))/((-6)/28). Let r(z) = 9*z - 1 + d*z**2 - 6*z - 5*z. Calculate the remainder when 75 is divided by r(-2).
18
Let j(n) = n**2 - 6*n - 8. Let m be j(7). Let v(i) = 3*i**2 - i - 2. What is the remainder when 8 is divided by v(m)?
0
Let z(u) = u**2 + 47*u + 512. Calculate the remainder when 127 is divided by z(-32).
31
Let v be 13/((-104)/348)*(-14)/(-3). Let z = 318 + v. Calculate the remainder when z is divided by 24.
19
Let p be (294/56)/(6/32). Suppose 2*h - 5*y = -p - 147, 4*y - 4 = 0. Calculate the remainder when h/(-10)*(1 + 1) is divided by 10.
7
Suppose 3*c + 12 - 279 = 0. Suppose c = 3*l + 5. Calculate the remainder when 109 is divided by l.
25
Let j = -50 + 71. Let w be 2*(2 + (-85)/10). Let n = j + w. Calculate the remainder when 21 is divided by n.
5
Let y = 64 + 14. Let c = y - 48. Calculate the remainder when 87 + (-2)/(6/3) is divided by c.
26
Suppose 35*x = -45*x + 800. What is the remainder when 26 is divided by x?
6
Let u(x) = 2*x**2 + 3*x. Let l = 51 - 77. Calculate the remainder when (39/l)/(2/(-104)) is divided by u(3).
24
Let s = 26 + -15. Let w be 2/((-38)/70 - 10/(-70)). Calculate the remainder when (1/(-2))/(w/420) is divided by s.
9
Let m(y) = -17*y**3 + y**2 + 5*y + 3. What is the remainder when 47 is divided by m(-1)?
15
Suppose 75 = -2*p - 2*v + 207, -v + 190 = 3*p. Suppose -4*d = -5*d + 16. What is the remainder when p is divided by d?
14
Let d(m) = 7*m + 9. Let k be d(-6). Let q = -1 - k. Let i = 15 + -4. What is the remainder when q is divided by i?
10
Let d(n) = 95*n - 123. Calculate the remainder when d(4) is divided by 47.
22
Suppose -y = 4*p - 15, -p + 6 = -0*p - 2*y. Suppose -75 = -5*z + 5*i - 3*i, 2*i = -p*z + 78. Let t = -28 + 59. What is the remainder when t is divided by z?
14
Suppose -2*c + 41 = -t, t + 1 = -c + 14. Suppose 2*m + 11 = m + 3*i, 4*m + 2 = -2*i. Let y = m - -7. What is the remainder when c is divided by y?
3
Suppose 25 = -s + 2. Let q = 49 + s. What is the remainder when q is divided by 7?
5
Let i be (-4)/(-8) - (-18)/12. Suppose -38 = -i*u + 5*z, 4*u + 0*z + z = 54. Calculate the remainder when 23 is divided by u.
9
Let g(d) = -d**3 + 10*d**2 + d + 7. Let c(u) = u**3 - 10*u**2 - 6. Let i(x) = 3*c(x) + 2*g(x). Calculate the remainder when 46 is divided by i(10).
14
What is the remainder when -1 - 1 - (-137 - 282) is divided by 207?
3
Let d = 202 + -198. Suppose -2*u - 8 = -50. What is the remainder when u is divided by d?
1
Let d(k) = 115*k**2 - k + 2. Let f be d(1). Let m = 129 - f. Calculate the remainder when 48 is divided by m.
9
Suppose -429 = -28*g + 25*g. Calculate the remainder when g is divided by 66.
11
Let h(j) = 2*j**2 - 8*j - 4. Let o = -21 - -26. Suppose -8*m + o*m + 66 = 0. What is the remainder when h(9) is divided by m?
20
Suppose -833*u + 844*u = 1111. Calculate the remainder when u is divided by 17 - (2 + 0) - 0.
11
Let p = 14 + -20. Let x be (10/p)/(4/(-12)). What is the remainder when (-3 + x)*118/4 is divided by 20?
19
Suppose -8*t = 87 - 487. Let z = t - 3. What is the remainder when z is divided by 16?
15
Let a = 10 + -9. What is the remainder when 93 is divided by 18 + (-4 - -2)/(a - 0)?
13
Let x(h) = -h**3 + h**2 - 3*h - 8. What is the remainder when x(-4) is divided by 31?
22
Suppose a + 4*a = -3*w + 2157, 2*w - 8 = 0. Calculate the remainder when a is d